{"id":1866,"date":"2021-11-12T18:22:42","date_gmt":"2021-11-12T18:22:42","guid":{"rendered":"https:\/\/www.cesigue.edu.mx\/guestalt\/?post_type=product&#038;p=1866"},"modified":"2024-05-15T18:59:09","modified_gmt":"2024-05-15T18:59:09","slug":"talleres-y-conferencias-de-las-las-1as-jornadas-latinoamericanas-en-psicoterapia-de-la-ninez-adolescencia-y-familia","status":"publish","type":"product","link":"https:\/\/www.cesigue.edu.mx\/guestalt\/product\/talleres-y-conferencias-de-las-las-1as-jornadas-latinoamericanas-en-psicoterapia-de-la-ninez-adolescencia-y-familia\/","title":{"rendered":"Talleres y conferencias de las 1as Jornadas Latinoamericanas en Psicoterapia de la ni\u00f1ez, adolescencia y familia"},"content":{"rendered":"","protected":false},"excerpt":{"rendered":"<p>14 ponentes de 7 pa\u00edses participaron a trav\u00e9s de conferencias y talleres los avances en la intervenci\u00f3n desde la Psicoterapia Gestalt especializada en ni\u00f1os, adolescentes y sus padres. Si no pudiste verlos todos, no pierdas la oportunidad. Realiza tu pago y accede inmediatamente a los 13 talleres.<\/p>\n","protected":false},"featured_media":1867,"comment_status":"closed","ping_status":"closed","template":"","meta":[],"product_cat":[33],"product_tag":[],"class_list":["post-1866","product","type-product","status-publish","has-post-thumbnail","hentry","product_cat-cursos"],"aioseo_notices":[],"_links":{"self":[{"href":"https:\/\/www.cesigue.edu.mx\/guestalt\/wp-json\/wp\/v2\/product\/1866","targetHints":{"allow":["GET"]}}],"collection":[{"href":"https:\/\/www.cesigue.edu.mx\/guestalt\/wp-json\/wp\/v2\/product"}],"about":[{"href":"https:\/\/www.cesigue.edu.mx\/guestalt\/wp-json\/wp\/v2\/types\/product"}],"replies":[{"embeddable":true,"href":"https:\/\/www.cesigue.edu.mx\/guestalt\/wp-json\/wp\/v2\/comments?post=1866"}],"wp:featuredmedia":[{"embeddable":true,"href":"https:\/\/www.cesigue.edu.mx\/guestalt\/wp-json\/wp\/v2\/media\/1867"}],"wp:attachment":[{"href":"https:\/\/www.cesigue.edu.mx\/guestalt\/wp-json\/wp\/v2\/media?parent=1866"}],"wp:term":[{"taxonomy":"product_cat","embeddable":true,"href":"https:\/\/www.cesigue.edu.mx\/guestalt\/wp-json\/wp\/v2\/product_cat?post=1866"},{"taxonomy":"product_tag","embeddable":true,"href":"https:\/\/www.cesigue.edu.mx\/guestalt\/wp-json\/wp\/v2\/product_tag?post=1866"}],"curies":[{"name":"wp","href":"https:\/\/api.w.org\/{rel}","templated":true}]}}