{"id":3754,"date":"2024-03-05T18:50:06","date_gmt":"2024-03-05T18:50:06","guid":{"rendered":"https:\/\/www.cesigue.edu.mx\/guestalt\/?page_id=3754"},"modified":"2025-08-09T00:42:05","modified_gmt":"2025-08-09T00:42:05","slug":"entrenamientos_clinicos","status":"publish","type":"page","link":"https:\/\/www.cesigue.edu.mx\/guestalt\/entrenamientos_clinicos\/","title":{"rendered":"Entrenamientos cl\u00ednicos"},"content":{"rendered":"\t\t<div data-elementor-type=\"wp-page\" data-elementor-id=\"3754\" class=\"elementor elementor-3754\">\n\t\t\t\t\t\t\t\t\t<section class=\"elementor-section elementor-top-section elementor-element elementor-element-77e04d7 elementor-section-boxed elementor-section-height-default elementor-section-height-default row-top\" data-id=\"77e04d7\" data-element_type=\"section\">\n\t\t\t\t\t\t<div class=\"elementor-container elementor-column-gap-default\">\n\t\t\t\t\t<div class=\"elementor-column elementor-col-100 elementor-top-column elementor-element elementor-element-11f90e6 column-style-top\" data-id=\"11f90e6\" data-element_type=\"column\">\n\t\t\t<div class=\"elementor-widget-wrap elementor-element-populated\">\n\t\t\t\t\t\t\t\t<div class=\"elementor-element elementor-element-e4f8730 elementor-widget elementor-widget-gva-heading-block\" data-id=\"e4f8730\" data-element_type=\"widget\" data-widget_type=\"gva-heading-block.default\">\n\t\t\t\t<div class=\"elementor-widget-container\">\n\t\t\t<div class=\"gva-element-gva-heading-block gva-element\">   <div class=\"align-center style-1 widget gsc-heading box-align-left auto-responsive\">\r\n      <div class=\"content-inner\">\r\n         \r\n                  \r\n                     <div class=\"sub-title\"><span>Convi\u00e9rtete en Psicoterapeuta<\/span><\/div>\r\n           \r\n         \r\n                     <h2 class=\"title\">\r\n               <span>Entrenamientos cl\u00ednicos<\/span>\r\n            <\/h2>\r\n                  \r\n         \r\n      <\/div>\r\n   <\/div>\r\n<\/div>\t\t<\/div>\n\t\t\t\t<\/div>\n\t\t\t\t<div class=\"elementor-element elementor-element-8d2df1a elementor-widget elementor-widget-text-editor\" data-id=\"8d2df1a\" data-element_type=\"widget\" data-widget_type=\"text-editor.default\">\n\t\t\t\t<div class=\"elementor-widget-container\">\n\t\t\t<style>\/*! elementor - v3.16.0 - 14-09-2023 *\/\n.elementor-widget-text-editor.elementor-drop-cap-view-stacked .elementor-drop-cap{background-color:#69727d;color:#fff}.elementor-widget-text-editor.elementor-drop-cap-view-framed .elementor-drop-cap{color:#69727d;border:3px solid;background-color:transparent}.elementor-widget-text-editor:not(.elementor-drop-cap-view-default) .elementor-drop-cap{margin-top:8px}.elementor-widget-text-editor:not(.elementor-drop-cap-view-default) .elementor-drop-cap-letter{width:1em;height:1em}.elementor-widget-text-editor .elementor-drop-cap{float:left;text-align:center;line-height:1;font-size:50px}.elementor-widget-text-editor .elementor-drop-cap-letter{display:inline-block}<\/style>\t\t\t\t<h5 style=\"text-align: center;\">Te ofrecemos las herramientas necesarias para dar apoyo y evaluar a personas con dificultades psicol\u00f3gicas.<\/h5>\t\t\t\t\t\t<\/div>\n\t\t\t\t<\/div>\n\t\t\t\t<div class=\"elementor-element elementor-element-833a92e elementor-widget elementor-widget-gva-course\" data-id=\"833a92e\" data-element_type=\"widget\" data-widget_type=\"gva-course.default\">\n\t\t\t\t<div class=\"elementor-widget-container\">\n\t\t\t<div class=\"gva-element-gva-course gva-element\">  \r\n  <div class=\"gva-course-grid clearfix gva-course\">\r\n\t\t<div class=\"gva-content-items\"> \r\n\t\t  <div class=\"lg-block-grid-2 md-block-grid-2 sm-block-grid-2 xs-block-grid-1 xx-block-grid-1\">\r\n\t\t\t <div class=\"item-course\">\n   <div class=\"tutor-course tutor-course-loop tutor-course-loop-3764 course-block\">\n      <div class=\"course-header\"><a class=\"link-overlay\" href=\"https:\/\/www.cesigue.edu.mx\/guestalt\/courses\/entrenamiento-clinico-en-psicoterapia-infantil-gestalt\/\"><div class=\"tutor-course-thumbnail\">\n            <img decoding=\"async\" src=\"https:\/\/www.cesigue.edu.mx\/guestalt\/wp-content\/uploads\/2024\/03\/Entrenamiento-Gestalt-infantil.png\" \/>\n        <\/div><\/a>\n<div class=\"course-header-meta\">\n\t<span class=\"tutor-course-wishlist\"><\/span>\n    <\/div>\n<\/div>\n<div class=\"course-content\">\n<div class=\"course-loop-title clearfix\">\n    <h2 class=\"title\"><a href=\"https:\/\/www.cesigue.edu.mx\/guestalt\/courses\/entrenamiento-clinico-en-psicoterapia-infantil-gestalt\/\">Entrenamiento cl\u00ednico en Psicoterapia Infantil Gestalt<\/a><\/h2>\n<\/div>\n\n\n<\/div>\n<div class=\"course-loop-footer\">\n<!--    <div class=\"content-inner\">\n            \n            <div class=\"loop-footer-item course-loop-level\">\n         <span><i class=\"far fa-flag\"><\/i>Intermedio<\/span>\n      <\/div>\n   <\/div> -->\n\n<!--    <div class=\"course-loop-hover\">\n\n      \n   <\/div> -->\n<\/div>\n   <\/div>\n<\/div>      <div class=\"item-course\">\n   <div class=\"tutor-course tutor-course-loop tutor-course-loop-3566 course-block\">\n      <div class=\"course-header\"><a class=\"link-overlay\" href=\"https:\/\/www.cesigue.edu.mx\/guestalt\/courses\/entrenamiento-clinico-en-psicoterapia-gestalt\/\"><div class=\"tutor-course-thumbnail\">\n            <img decoding=\"async\" src=\"https:\/\/www.cesigue.edu.mx\/guestalt\/wp-content\/uploads\/2023\/12\/Entrenamiento-Psicoterapia_-Gestalt.png\" \/>\n        <\/div><\/a>\n<div class=\"course-header-meta\">\n\t<span class=\"tutor-course-wishlist\"><\/span>\n    <\/div>\n<\/div>\n<div class=\"course-content\">\n<div class=\"course-loop-title clearfix\">\n    <h2 class=\"title\"><a href=\"https:\/\/www.cesigue.edu.mx\/guestalt\/courses\/entrenamiento-clinico-en-psicoterapia-gestalt\/\">Entrenamiento cl\u00ednico en Psicoterapia Gestalt<\/a><\/h2>\n<\/div>\n\n\n<\/div>\n<div class=\"course-loop-footer\">\n<!--    <div class=\"content-inner\">\n            \n            <div class=\"loop-footer-item course-loop-level\">\n         <span><i class=\"far fa-flag\"><\/i>Intermedio<\/span>\n      <\/div>\n   <\/div> -->\n\n<!--    <div class=\"course-loop-hover\">\n\n      \n   <\/div> -->\n<\/div>\n   <\/div>\n<\/div>      \t\t  <\/div>\r\n\t\t<\/div>\r\n\t\t  <\/div>\r\n  <\/div>\t\t<\/div>\n\t\t\t\t<\/div>\n\t\t\t\t\t<\/div>\n\t\t<\/div>\n\t\t\t\t\t\t\t<\/div>\n\t\t<\/section>\n\t\t\t\t<section class=\"elementor-section elementor-top-section elementor-element elementor-element-d9775b2 elementor-section-boxed elementor-section-height-default elementor-section-height-default row-top\" data-id=\"d9775b2\" data-element_type=\"section\" data-settings=\"{&quot;background_background&quot;:&quot;classic&quot;}\">\n\t\t\t\t\t\t<div class=\"elementor-container elementor-column-gap-default\">\n\t\t\t\t\t<div class=\"elementor-column elementor-col-100 elementor-top-column elementor-element elementor-element-430f046 column-style-top\" data-id=\"430f046\" data-element_type=\"column\">\n\t\t\t<div class=\"elementor-widget-wrap elementor-element-populated\">\n\t\t\t\t\t\t\t\t<div class=\"elementor-element elementor-element-03b3b50 elementor-widget elementor-widget-heading\" data-id=\"03b3b50\" data-element_type=\"widget\" data-widget_type=\"heading.default\">\n\t\t\t\t<div class=\"elementor-widget-container\">\n\t\t\t<style>\/*! elementor - v3.16.0 - 14-09-2023 *\/\n.elementor-heading-title{padding:0;margin:0;line-height:1}.elementor-widget-heading .elementor-heading-title[class*=elementor-size-]>a{color:inherit;font-size:inherit;line-height:inherit}.elementor-widget-heading .elementor-heading-title.elementor-size-small{font-size:15px}.elementor-widget-heading .elementor-heading-title.elementor-size-medium{font-size:19px}.elementor-widget-heading .elementor-heading-title.elementor-size-large{font-size:29px}.elementor-widget-heading .elementor-heading-title.elementor-size-xl{font-size:39px}.elementor-widget-heading .elementor-heading-title.elementor-size-xxl{font-size:59px}<\/style><h2 class=\"elementor-heading-title elementor-size-default\">M\u00e1s sobre nuestra oferta acad\u00e9mica:<\/h2>\t\t<\/div>\n\t\t\t\t<\/div>\n\t\t\t\t<div class=\"elementor-element elementor-element-3bf6934 elementor-widget elementor-widget-gva-course-banner-group\" data-id=\"3bf6934\" data-element_type=\"widget\" data-widget_type=\"gva-course-banner-group.default\">\n\t\t\t\t<div class=\"elementor-widget-container\">\n\t\t\t<div class=\"gva-element-gva-course-banner-group gva-element\">\r\n<div class=\"gsc-course-banner-group layout-carousel style-2\">\r\n   <div class=\"init-carousel-owl owl-carousel\" data-items=\"5\" data-items_lg=\"5\" data-items_md=\"4\" data-items_sm=\"3\" data-items_xs=\"2\" data-items_xx=\"2\" data-loop=\"1\" data-speed=\"800\" data-auto_play=\"1\" data-auto_play_speed=\"800\" data-auto_play_timeout=\"6000\" data-auto_play_hover=\"1\" data-navigation=\"1\" data-pagination=\"0\" data-mouse_drag=\"1\" data-touch_drag=\"1\" >\r\n      \r\n<div class=\"item banner-group-item\">\r\n   <div class=\"banner-item-content\">\r\n      \r\n               <div class=\"banner-image\">\r\n\r\n            <span class=\"background\" style=\"background-image: url('https:\/\/gaviaspreview.com\/wp\/zilom\/wp-content\/plugins\/zilom-themer\/elementor\/assets\/images\/image-4.jpg')\"><\/span>\r\n\r\n                           <span class=\"box-icon\">\r\n                  <i aria-hidden=\"true\" class=\" flaticon-diploma\"><\/i>               <\/span>\r\n            \r\n            <div class=\"number-course\">4 <\/div>         <\/div>\r\n      \r\n      <div class=\"banner-content\">\r\n                     <h3 class=\"title\">Certificaciones<\/h3>\r\n                        <\/div>\r\n\r\n               <a class=\"link-term-overlay\" href=\"https:\/\/www.cesigue.edu.mx\/guestalt\/course-category\/certificaciones\/?tutor-course-filter-category=30\" ><\/a>\r\n                     \r\n   <\/div>\r\n<\/div>\r\n<div class=\"item banner-group-item\">\r\n   <div class=\"banner-item-content\">\r\n      \r\n               <div class=\"banner-image\">\r\n\r\n            <span class=\"background\" style=\"background-image: url('https:\/\/gaviaspreview.com\/wp\/zilom\/wp-content\/plugins\/zilom-themer\/elementor\/assets\/images\/image-5.jpg')\"><\/span>\r\n\r\n                           <span class=\"box-icon\">\r\n                  <i aria-hidden=\"true\" class=\" flaticon-certificate\"><\/i>               <\/span>\r\n            \r\n            <div class=\"number-course\">3 <\/div>         <\/div>\r\n      \r\n      <div class=\"banner-content\">\r\n                     <h3 class=\"title\">Diplomados<\/h3>\r\n                        <\/div>\r\n\r\n               <a class=\"link-term-overlay\" href=\"https:\/\/www.cesigue.edu.mx\/guestalt\/course-category\/diplomados\/?tutor-course-filter-category=36\" ><\/a>\r\n                     \r\n   <\/div>\r\n<\/div>\r\n<div class=\"item banner-group-item\">\r\n   <div class=\"banner-item-content\">\r\n      \r\n               <div class=\"banner-image\">\r\n\r\n            <span class=\"background\" style=\"background-image: url('https:\/\/gaviaspreview.com\/wp\/zilom\/wp-content\/plugins\/zilom-themer\/elementor\/assets\/images\/image-6.jpg')\"><\/span>\r\n\r\n                           <span class=\"box-icon\">\r\n                  <i aria-hidden=\"true\" class=\" flaticon-lecture\"><\/i>               <\/span>\r\n            \r\n            <div class=\"number-course\">2 <\/div>         <\/div>\r\n      \r\n      <div class=\"banner-content\">\r\n                     <h3 class=\"title\">Talleres<\/h3>\r\n                        <\/div>\r\n\r\n               <a class=\"link-term-overlay\" href=\"https:\/\/www.cesigue.edu.mx\/guestalt\/course-category\/talleres\/?tutor-course-filter-category=38\" ><\/a>\r\n                     \r\n   <\/div>\r\n<\/div>\r\n<div class=\"item banner-group-item\">\r\n   <div class=\"banner-item-content\">\r\n      \r\n               <div class=\"banner-image\">\r\n\r\n            <span class=\"background\" style=\"background-image: url('https:\/\/www.cesigue.edu.mx\/guestalt\/wp-content\/plugins\/zilom-themer\/elementor\/assets\/images\/image-4.jpg')\"><\/span>\r\n\r\n                           <span class=\"box-icon\">\r\n                  <i aria-hidden=\"true\" class=\" flaticon-work\"><\/i>               <\/span>\r\n            \r\n                     <\/div>\r\n      \r\n      <div class=\"banner-content\">\r\n                     <h3 class=\"title\">Entrenamientos cl\u00ednicos<\/h3>\r\n                        <\/div>\r\n\r\n                     \r\n   <\/div>\r\n<\/div>   <\/div>\r\n<\/div>\r\n<\/div>\t\t<\/div>\n\t\t\t\t<\/div>\n\t\t\t\t\t<\/div>\n\t\t<\/div>\n\t\t\t\t\t\t\t<\/div>\n\t\t<\/section>\n\t\t\t\t<section class=\"elementor-section elementor-top-section elementor-element elementor-element-9244975 bg-row-theme elementor-section-boxed elementor-section-height-default elementor-section-height-default row-top\" data-id=\"9244975\" data-element_type=\"section\" data-settings=\"{&quot;background_background&quot;:&quot;classic&quot;}\">\n\t\t\t\t\t\t<div class=\"elementor-container elementor-column-gap-default\">\n\t\t\t\t\t<div class=\"elementor-column elementor-col-50 elementor-top-column elementor-element elementor-element-5f2ebb7 column-style-top\" data-id=\"5f2ebb7\" data-element_type=\"column\">\n\t\t\t<div class=\"elementor-widget-wrap elementor-element-populated\">\n\t\t\t\t\t\t\t\t<div class=\"elementor-element elementor-element-b2a474f elementor-widget elementor-widget-gva-heading-block\" data-id=\"b2a474f\" data-element_type=\"widget\" data-widget_type=\"gva-heading-block.default\">\n\t\t\t\t<div class=\"elementor-widget-container\">\n\t\t\t<div class=\"gva-element-gva-heading-block gva-element\">   <div class=\"align-left style-1 widget gsc-heading box-align-left auto-responsive\">\r\n      <div class=\"content-inner\">\r\n         \r\n                  \r\n           \r\n         \r\n                     <h2 class=\"title\">\r\n               <span>\u00bfNecesitas m\u00e1s informaci\u00f3n?<\/span>\r\n            <\/h2>\r\n                  \r\n         \r\n      <\/div>\r\n   <\/div>\r\n<\/div>\t\t<\/div>\n\t\t\t\t<\/div>\n\t\t\t\t\t<\/div>\n\t\t<\/div>\n\t\t\t\t<div class=\"elementor-column elementor-col-50 elementor-top-column elementor-element elementor-element-95cf04f column-style-top\" data-id=\"95cf04f\" data-element_type=\"column\">\n\t\t\t<div class=\"elementor-widget-wrap elementor-element-populated\">\n\t\t\t\t\t\t\t\t<div class=\"elementor-element elementor-element-ad95271 elementor-widget__width-auto elementor-widget elementor-widget-html\" data-id=\"ad95271\" data-element_type=\"widget\" data-widget_type=\"html.default\">\n\t\t\t\t<div class=\"elementor-widget-container\">\n\t\t\t<a class=\"btn-white\" href=\"https:\/\/www.cesigue.edu.mx\/guestalt\/contacto\/\">\n    Cont\u00e1ctanos\n<\/a>\t\t<\/div>\n\t\t\t\t<\/div>\n\t\t\t\t\t<\/div>\n\t\t<\/div>\n\t\t\t\t\t\t\t<\/div>\n\t\t<\/section>\n\t\t\t\t\t\t\t<\/div>\n\t\t","protected":false},"excerpt":{"rendered":"<p>Convi\u00e9rtete en Psicoterapeuta Entrenamientos cl\u00ednicos Te ofrecemos las herramientas necesarias para dar apoyo y evaluar a personas con dificultades psicol\u00f3gicas. Entrenamiento cl\u00ednico en Psicoterapia Infantil Gestalt Entrenamiento cl\u00ednico en Psicoterapia [&hellip;]<\/p>\n","protected":false},"author":1,"featured_media":0,"parent":0,"menu_order":0,"comment_status":"closed","ping_status":"closed","template":"","meta":{"footnotes":""},"class_list":["post-3754","page","type-page","status-publish","hentry"],"aioseo_notices":[],"_links":{"self":[{"href":"https:\/\/www.cesigue.edu.mx\/guestalt\/wp-json\/wp\/v2\/pages\/3754","targetHints":{"allow":["GET"]}}],"collection":[{"href":"https:\/\/www.cesigue.edu.mx\/guestalt\/wp-json\/wp\/v2\/pages"}],"about":[{"href":"https:\/\/www.cesigue.edu.mx\/guestalt\/wp-json\/wp\/v2\/types\/page"}],"author":[{"embeddable":true,"href":"https:\/\/www.cesigue.edu.mx\/guestalt\/wp-json\/wp\/v2\/users\/1"}],"replies":[{"embeddable":true,"href":"https:\/\/www.cesigue.edu.mx\/guestalt\/wp-json\/wp\/v2\/comments?post=3754"}],"version-history":[{"count":11,"href":"https:\/\/www.cesigue.edu.mx\/guestalt\/wp-json\/wp\/v2\/pages\/3754\/revisions"}],"predecessor-version":[{"id":5852,"href":"https:\/\/www.cesigue.edu.mx\/guestalt\/wp-json\/wp\/v2\/pages\/3754\/revisions\/5852"}],"wp:attachment":[{"href":"https:\/\/www.cesigue.edu.mx\/guestalt\/wp-json\/wp\/v2\/media?parent=3754"}],"curies":[{"name":"wp","href":"https:\/\/api.w.org\/{rel}","templated":true}]}}