{"id":25,"date":"2020-12-08T03:54:06","date_gmt":"2020-12-08T03:54:06","guid":{"rendered":"https:\/\/gaviaspreview.com\/wp\/zilom\/?page_id=25"},"modified":"2024-12-13T17:39:16","modified_gmt":"2024-12-13T17:39:16","slug":"articulos","status":"publish","type":"page","link":"https:\/\/www.cesigue.edu.mx\/guestalt\/articulos\/","title":{"rendered":"Art\u00edculos"},"content":{"rendered":"\t\t<div data-elementor-type=\"wp-page\" data-elementor-id=\"25\" class=\"elementor elementor-25\">\n\t\t\t\t\t\t\t\t\t<section class=\"elementor-section elementor-top-section elementor-element elementor-element-1fbe8dbc elementor-section-boxed elementor-section-height-default elementor-section-height-default row-top\" data-id=\"1fbe8dbc\" data-element_type=\"section\">\n\t\t\t\t\t\t<div class=\"elementor-container elementor-column-gap-default\">\n\t\t\t\t\t<div class=\"elementor-column elementor-col-100 elementor-top-column elementor-element elementor-element-505d4390 column-style-top\" data-id=\"505d4390\" data-element_type=\"column\">\n\t\t\t<div class=\"elementor-widget-wrap elementor-element-populated\">\n\t\t\t\t\t\t\t\t<div class=\"elementor-element elementor-element-962a554 elementor-widget elementor-widget-gva-posts\" data-id=\"962a554\" data-element_type=\"widget\" data-widget_type=\"gva-posts.default\">\n\t\t\t\t<div class=\"elementor-widget-container\">\n\t\t\t<div class=\"gva-element-gva-posts gva-element\">  \r\n  <div class=\"gva-posts-grid clearfix gva-posts\">\r\n\t\t<div class=\"gva-content-items\"> \r\n\t\t  <div class=\"lg-block-grid-3 md-block-grid-3 sm-block-grid-2 xs-block-grid-2 xx-block-grid-1\">\r\n\t\t\t \n<div class=\"all parentalidad psicoterapia salud-mental \">\n   <article id=\"post-5841\" class=\"post post-style-1 post-5841 type-post status-publish format-standard has-post-thumbnail hentry category-parentalidad category-psicoterapia category-salud-mental tag-certificacion tag-certificacion-en-pir tag-guadalupe-amescua tag-modelo-cesigue tag-psicoterapia tag-psicoterapia-familiar tag-psicoterapia-infantil tag-psicoterapia-infantil-relacional tag-psicoterapia-para-padres-e-hijos tag-terapia tag-yoloma\">\n      <div class=\"post-thumbnail\">\n         <a href=\"https:\/\/www.cesigue.edu.mx\/guestalt\/senales-emocionales-que-indican-que-un-nino-necesita-psicoterapia\/\">\n            <img loading=\"lazy\" decoding=\"async\" width=\"400\" height=\"200\" src=\"https:\/\/www.cesigue.edu.mx\/guestalt\/wp-content\/uploads\/2025\/08\/cuando_nino_necesita_psicoterapia.png\" class=\"attachment-post-thumbnail size-post-thumbnail wp-post-image\" alt=\"Se\u00f1ales emocionales que indican que un ni\u00f1o necesita psicoterapia\" \/>         <\/a>\n      <\/div>   \n\n      <div class=\"entry-content\">\n         <div class=\"content-inner\">\n            <h3 class=\"entry-title\"><a href=\"https:\/\/www.cesigue.edu.mx\/guestalt\/senales-emocionales-que-indican-que-un-nino-necesita-psicoterapia\/\" rel=\"bookmark\">Se\u00f1ales emocionales que indican que un ni\u00f1o necesita psicoterapia<\/a><\/h3>\n                           <div class=\"entry-desc\">\n                  Los ni\u00f1os, al igual que los adultos, experimentan emociones complejas. Sin embargo, muchas veces no               <\/div>   \n                        <div class=\"read-more\">\n               <a class=\"btn-inline\" href=\"https:\/\/www.cesigue.edu.mx\/guestalt\/senales-emocionales-que-indican-que-un-nino-necesita-psicoterapia\/\">Leer m\u00e1s<\/a>\n            <\/div>\n         <\/div>\n\n      <\/div>\n   <\/article>   \n<\/div>\n\n  \n<div class=\"all parentalidad psicoterapia salud-mental \">\n   <article id=\"post-5838\" class=\"post post-style-1 post-5838 type-post status-publish format-standard has-post-thumbnail hentry category-parentalidad category-psicoterapia category-salud-mental\">\n      <div class=\"post-thumbnail\">\n         <a href=\"https:\/\/www.cesigue.edu.mx\/guestalt\/el-papel-de-la-familia-en-la-terapia-infantil-relacional\/\">\n            <img loading=\"lazy\" decoding=\"async\" width=\"400\" height=\"200\" src=\"https:\/\/www.cesigue.edu.mx\/guestalt\/wp-content\/uploads\/2025\/08\/familia_en_la_terapia.png\" class=\"attachment-post-thumbnail size-post-thumbnail wp-post-image\" alt=\"El papel de la familia en la terapia infantil relacional\" \/>         <\/a>\n      <\/div>   \n\n      <div class=\"entry-content\">\n         <div class=\"content-inner\">\n            <h3 class=\"entry-title\"><a href=\"https:\/\/www.cesigue.edu.mx\/guestalt\/el-papel-de-la-familia-en-la-terapia-infantil-relacional\/\" rel=\"bookmark\">El papel de la familia en la terapia infantil relacional<\/a><\/h3>\n                           <div class=\"entry-desc\">\n                  En la Psicoterapia Infantil Gestalt con enfoque relacional, la familia no es solo un contexto               <\/div>   \n                        <div class=\"read-more\">\n               <a class=\"btn-inline\" href=\"https:\/\/www.cesigue.edu.mx\/guestalt\/el-papel-de-la-familia-en-la-terapia-infantil-relacional\/\">Leer m\u00e1s<\/a>\n            <\/div>\n         <\/div>\n\n      <\/div>\n   <\/article>   \n<\/div>\n\n  \n<div class=\"all psicoterapia salud-mental \">\n   <article id=\"post-5833\" class=\"post post-style-1 post-5833 type-post status-publish format-standard has-post-thumbnail hentry category-psicoterapia category-salud-mental\">\n      <div class=\"post-thumbnail\">\n         <a href=\"https:\/\/www.cesigue.edu.mx\/guestalt\/el-juego-como-lenguaje-terapeutico-en-la-psicoterapia-infantil-gestalt\/\">\n            <img loading=\"lazy\" decoding=\"async\" width=\"400\" height=\"200\" src=\"https:\/\/www.cesigue.edu.mx\/guestalt\/wp-content\/uploads\/2025\/08\/juego_en_la_psicoterapia.png\" class=\"attachment-post-thumbnail size-post-thumbnail wp-post-image\" alt=\"El juego como lenguaje terap\u00e9utico en la Psicoterapia Infantil Gestalt\" \/>         <\/a>\n      <\/div>   \n\n      <div class=\"entry-content\">\n         <div class=\"content-inner\">\n            <h3 class=\"entry-title\"><a href=\"https:\/\/www.cesigue.edu.mx\/guestalt\/el-juego-como-lenguaje-terapeutico-en-la-psicoterapia-infantil-gestalt\/\" rel=\"bookmark\">El juego como lenguaje terap\u00e9utico en la Psicoterapia Infantil Gestalt<\/a><\/h3>\n                           <div class=\"entry-desc\">\n                  En el mundo infantil, el juego no es solo una forma de entretenimiento; es el               <\/div>   \n                        <div class=\"read-more\">\n               <a class=\"btn-inline\" href=\"https:\/\/www.cesigue.edu.mx\/guestalt\/el-juego-como-lenguaje-terapeutico-en-la-psicoterapia-infantil-gestalt\/\">Leer m\u00e1s<\/a>\n            <\/div>\n         <\/div>\n\n      <\/div>\n   <\/article>   \n<\/div>\n\n  \n<div class=\"all educacion psicoterapia salud-mental \">\n   <article id=\"post-5754\" class=\"post post-style-1 post-5754 type-post status-publish format-standard has-post-thumbnail hentry category-educacion category-psicoterapia category-salud-mental tag-certificacion-en-pir tag-modelo-relacional tag-psicoterapia-infantil tag-terapia-basada-en-el-vinculo-afectivo tag-terapia-infantil tag-terapia-para-ninos\">\n      <div class=\"post-thumbnail\">\n         <a href=\"https:\/\/www.cesigue.edu.mx\/guestalt\/por-que-un-psicologo-o-psicologa-deberia-estudiar-para-ser-psicoterapeuta-infantil-gestalt\/\">\n            <img loading=\"lazy\" decoding=\"async\" width=\"400\" height=\"200\" src=\"https:\/\/www.cesigue.edu.mx\/guestalt\/wp-content\/uploads\/2025\/07\/por-que-estudiar-psicoterapia-infantil.png\" class=\"attachment-post-thumbnail size-post-thumbnail wp-post-image\" alt=\"\u00bfPor qu\u00e9 un psic\u00f3logo o psic\u00f3loga deber\u00eda estudiar para ser psicoterapeuta infantil Gestalt?\" \/>         <\/a>\n      <\/div>   \n\n      <div class=\"entry-content\">\n         <div class=\"content-inner\">\n            <h3 class=\"entry-title\"><a href=\"https:\/\/www.cesigue.edu.mx\/guestalt\/por-que-un-psicologo-o-psicologa-deberia-estudiar-para-ser-psicoterapeuta-infantil-gestalt\/\" rel=\"bookmark\">\u00bfPor qu\u00e9 un psic\u00f3logo o psic\u00f3loga deber\u00eda estudiar para ser psicoterapeuta infantil Gestalt?<\/a><\/h3>\n                           <div class=\"entry-desc\">\n                  La formaci\u00f3n en Psicoterapia Infantil Gestalt representa una oportunidad valiosa para los psic\u00f3logos y las               <\/div>   \n                        <div class=\"read-more\">\n               <a class=\"btn-inline\" href=\"https:\/\/www.cesigue.edu.mx\/guestalt\/por-que-un-psicologo-o-psicologa-deberia-estudiar-para-ser-psicoterapeuta-infantil-gestalt\/\">Leer m\u00e1s<\/a>\n            <\/div>\n         <\/div>\n\n      <\/div>\n   <\/article>   \n<\/div>\n\n  \n<div class=\"all educacion psicoterapia \">\n   <article id=\"post-5743\" class=\"post post-style-1 post-5743 type-post status-publish format-standard has-post-thumbnail hentry category-educacion category-psicoterapia tag-acompanamiento-terapeutico-familiar tag-certificacion-en-pir tag-como-mejorar-la-relacion-con-mi-hijo-mediante-terapia tag-curso-de-terapia-relacional-para-ninos tag-terapia-infantil tag-terapia-relacional-infantil\">\n      <div class=\"post-thumbnail\">\n         <a href=\"https:\/\/www.cesigue.edu.mx\/guestalt\/la-ventaja-que-tiene-la-psicoterapia-infantil-gestalt-sobre-otras-corrientes-psicologicas\/\">\n            <img loading=\"lazy\" decoding=\"async\" width=\"400\" height=\"200\" src=\"https:\/\/www.cesigue.edu.mx\/guestalt\/wp-content\/uploads\/2025\/07\/silla-vacia.png\" class=\"attachment-post-thumbnail size-post-thumbnail wp-post-image\" alt=\"La ventaja que tiene la Psicoterapia Infantil Gestalt sobre otras corrientes psicol\u00f3gicas\u2028\u2028\" \/>         <\/a>\n      <\/div>   \n\n      <div class=\"entry-content\">\n         <div class=\"content-inner\">\n            <h3 class=\"entry-title\"><a href=\"https:\/\/www.cesigue.edu.mx\/guestalt\/la-ventaja-que-tiene-la-psicoterapia-infantil-gestalt-sobre-otras-corrientes-psicologicas\/\" rel=\"bookmark\">La ventaja que tiene la Psicoterapia Infantil Gestalt sobre otras corrientes psicol\u00f3gicas\u2028\u2028<\/a><\/h3>\n                           <div class=\"entry-desc\">\n                  La Psicoterapia Infantil Gestalt ha ganado terreno como una alternativa valiosa y efectiva frente a               <\/div>   \n                        <div class=\"read-more\">\n               <a class=\"btn-inline\" href=\"https:\/\/www.cesigue.edu.mx\/guestalt\/la-ventaja-que-tiene-la-psicoterapia-infantil-gestalt-sobre-otras-corrientes-psicologicas\/\">Leer m\u00e1s<\/a>\n            <\/div>\n         <\/div>\n\n      <\/div>\n   <\/article>   \n<\/div>\n\n  \n<div class=\"all parentalidad psicoterapia \">\n   <article id=\"post-5710\" class=\"post post-style-1 post-5710 type-post status-publish format-standard has-post-thumbnail hentry category-parentalidad category-psicoterapia tag-apego-y-psicoterapia-infantil tag-certificacion-en-pir tag-como-mejorar-la-relacion-con-mi-hijo-mediante-terapia tag-competencias-del-terapeuta-infantil tag-curso-de-terapia-relacional-para-ninos tag-desarrollo-de-habilidades-parentales-en-terapia tag-diagnostico-dinamico-infantil tag-enfoque-relacional-en-terapia-infantil tag-formacion-en-psicoterapia-infantil-relacional tag-intervencion-vincular-padres-e-hijos tag-modelo-de-intervencion-relacional-infantil tag-orientacion-para-padres-en-psicoterapia-infantil tag-psicologo-infantil tag-psicoterapia-infantil tag-psicoterapia-infantil-relacional tag-salud-mental-infantil tag-sesiones-terapeuticas-padres-e-hijos tag-tecnicas-de-intervencion-vincular tag-temperamento-infantil-y-terapia tag-terapia-basada-en-el-vinculo-afectivo tag-terapia-infantil tag-terapia-para-ninos tag-terapia-para-ninos-con-temperamento-dificil tag-terapia-relacional-infantil\">\n      <div class=\"post-thumbnail\">\n         <a href=\"https:\/\/www.cesigue.edu.mx\/guestalt\/vinculo-familia-y-cambio-sostenible-claves-del-enfoque-gestalt-relacional-fundamentos-de-la-psicoterapia-infantil-relacional\/\">\n            <img loading=\"lazy\" decoding=\"async\" width=\"400\" height=\"201\" src=\"https:\/\/www.cesigue.edu.mx\/guestalt\/wp-content\/uploads\/2025\/06\/familia_feliz.jpg\" class=\"attachment-post-thumbnail size-post-thumbnail wp-post-image\" alt=\"V\u00ednculo, familia y cambio sostenible: claves del enfoque Gestalt Relacional. Fundamentos de la Psicoterapia Infantil Relacional\" \/>         <\/a>\n      <\/div>   \n\n      <div class=\"entry-content\">\n         <div class=\"content-inner\">\n            <h3 class=\"entry-title\"><a href=\"https:\/\/www.cesigue.edu.mx\/guestalt\/vinculo-familia-y-cambio-sostenible-claves-del-enfoque-gestalt-relacional-fundamentos-de-la-psicoterapia-infantil-relacional\/\" rel=\"bookmark\">V\u00ednculo, familia y cambio sostenible: claves del enfoque Gestalt Relacional. Fundamentos de la Psicoterapia Infantil Relacional<\/a><\/h3>\n                           <div class=\"entry-desc\">\n                  La Psicoterapia Infantil Relacional (PIR) parte de una premisa profundamente humana: todos los padres quieren               <\/div>   \n                        <div class=\"read-more\">\n               <a class=\"btn-inline\" href=\"https:\/\/www.cesigue.edu.mx\/guestalt\/vinculo-familia-y-cambio-sostenible-claves-del-enfoque-gestalt-relacional-fundamentos-de-la-psicoterapia-infantil-relacional\/\">Leer m\u00e1s<\/a>\n            <\/div>\n         <\/div>\n\n      <\/div>\n   <\/article>   \n<\/div>\n\n  \t\t  <\/div>\r\n\t\t<\/div>\r\n\t\t\t\t\t <div class=\"pagination\">\r\n\t\t\t\t  <div class=\"column one pager_wrapper\"><div class=\"pager\"><div class=\"paginations\"><a href=\"https:\/\/www.cesigue.edu.mx\/guestalt\/wp-json\/wp\/v2\/pages\/25\/\" class=\"page-item active\">1<\/a><a href=\"https:\/\/www.cesigue.edu.mx\/guestalt\/wp-json\/wp\/v2\/pages\/25\/page\/2\/\" class=\"page-item\">2<\/a><a href=\"https:\/\/www.cesigue.edu.mx\/guestalt\/wp-json\/wp\/v2\/pages\/25\/page\/3\/\" class=\"page-item\">3<\/a><span class=\"page-item\">... <\/span><a href=\"https:\/\/www.cesigue.edu.mx\/guestalt\/wp-json\/wp\/v2\/pages\/25\/page\/6\/\" class=\"page-item\">6<\/a><a class=\"next_page\" href=\"https:\/\/www.cesigue.edu.mx\/guestalt\/wp-json\/wp\/v2\/pages\/25\/page\/2\/\"><i class=\"fas fa-chevron-right\"><\/i><\/a><\/div><\/div><\/div>\n\t\t\t <\/div>\r\n\t\t  <\/div>\r\n  <\/div>\t\t<\/div>\n\t\t\t\t<\/div>\n\t\t\t\t\t<\/div>\n\t\t<\/div>\n\t\t\t\t\t\t\t<\/div>\n\t\t<\/section>\n\t\t\t\t\t\t\t<\/div>\n\t\t","protected":false},"excerpt":{"rendered":"<p>\u00bfVoy a terapia? Asistir a terapia no es una decisi\u00f3n f\u00e1cil para quien \u201cya lo ha pensado\u201d, se Leer M\u00e1s Darse cuenta La experiencia adquirida dentro del consultorio es vasta [&hellip;]<\/p>\n","protected":false},"author":1,"featured_media":0,"parent":0,"menu_order":0,"comment_status":"closed","ping_status":"closed","template":"","meta":{"footnotes":""},"class_list":["post-25","page","type-page","status-publish","hentry"],"aioseo_notices":[],"_links":{"self":[{"href":"https:\/\/www.cesigue.edu.mx\/guestalt\/wp-json\/wp\/v2\/pages\/25","targetHints":{"allow":["GET"]}}],"collection":[{"href":"https:\/\/www.cesigue.edu.mx\/guestalt\/wp-json\/wp\/v2\/pages"}],"about":[{"href":"https:\/\/www.cesigue.edu.mx\/guestalt\/wp-json\/wp\/v2\/types\/page"}],"author":[{"embeddable":true,"href":"https:\/\/www.cesigue.edu.mx\/guestalt\/wp-json\/wp\/v2\/users\/1"}],"replies":[{"embeddable":true,"href":"https:\/\/www.cesigue.edu.mx\/guestalt\/wp-json\/wp\/v2\/comments?post=25"}],"version-history":[{"count":10,"href":"https:\/\/www.cesigue.edu.mx\/guestalt\/wp-json\/wp\/v2\/pages\/25\/revisions"}],"predecessor-version":[{"id":2180,"href":"https:\/\/www.cesigue.edu.mx\/guestalt\/wp-json\/wp\/v2\/pages\/25\/revisions\/2180"}],"wp:attachment":[{"href":"https:\/\/www.cesigue.edu.mx\/guestalt\/wp-json\/wp\/v2\/media?parent=25"}],"curies":[{"name":"wp","href":"https:\/\/api.w.org\/{rel}","templated":true}]}}